 the highest common divisor of n and v?
28
Suppose -4*x - 232692 + 233362 = s, -3*x = 4*s - 2394. Let g be 0 + 3*4/2. What is the greatest common divisor of s and g?
6
Let l(y) = 64*y - 240. Let x be l(5). What is the greatest common factor of 21680 and x?
80
Let b(c) = -2*c - 12. Let r be b(-7). Let f(i) = 2*i - i**3 + 23*i**r - 7 + 0*i - 11*i**2. Let k be f(11). What is the highest common divisor of k and 17?
17
Let y(m) = -12*m - 15. Let f = -39 + 60. Let r = -24 + f. Let a be y(r). What is the greatest common divisor of 189 and a?
21
Let z = -53 - -76. Suppose 17595 = 40*g + 113*g. What is the highest common factor of z and g?
23
Let a(k) = 7*k**2 - 106*k - 215. Let b be a(-2). What is the greatest common factor of b and 1115?
5
Suppose 12*s = 7*s + 65. Suppose -160 = -7*l + 2*l. Suppose -3*d = 4*w - 445 + l, -4*w + 415 = d. Calculate the highest common divisor of w and s.
13
Let h be -37*213/(-2627) - 10/(1 - 2). Let j(y) = -152*y + 3. Let o be j(-4). What is the highest common factor of h and o?
13
Let n = 330 + -1. Let d = n - 287. What is the highest common divisor of d and 714?
42
Let p be (-126)/(8*5/(-1080)). What is the greatest common divisor of p and 42?
42
Suppose -2*n + n - 3*p + 20 = 0, 24 = 5*n - 4*p. Suppose -m + n = m. Let k be -11*(-7 + m - -1). Calculate the highest common divisor of 33 and k.
11
Let l be 1/(-3) + (-361)/(-3). Suppose 0 = 2*a - 5381 + 5285. What is the highest common factor of l and a?
24
Let s be (-2061)/(-3) - (-8)/((-48)/(-6)). What is the highest common divisor of 129 and s?
43
Let f(b) = 3*b + 19. Let u be f(-6). Let g be u/1*(30 - -5). Let s = 104 - 34. What is the highest common factor of g and s?
35
Suppose -23*q + 100 = -155 - 435. Calculate the highest common divisor of 873 and q.
3
Suppose -2*t + 3 = -v, -4*v - 2*t = -4 - 4. Let b(s) = 31*s**2 + 4*s - 3. Let l be b(v). What is the highest common divisor of 8 and l?
8
Let q be 3 - (2 + -2 - (-12)/(-6)). Suppose q*s - 825 = -160. Calculate the highest common factor of s and 19.
19
Let z = -214 - -367. Suppose 810*h - 59782 = -321*h - 8887. What is the greatest common divisor of h and z?
9
Suppose -9*k = -66 - 123. Suppose 3*y - 2*r - k = 0, y + y - 25 = 5*r. Suppose 86 + 62 = 3*s + y*i, -12 = 3*i. What is the highest common divisor of s and 16?
8
Let v(d) = -9*d - 4 + 4*d**3 - 5*d**3 - 3*d**2 - 4*d**2. Let n be v(-6). Let t = -2701 - -2799. Calculate the highest common factor of t and n.
14
Let l(a) = 24*a - 111. Let b be l(5). Suppose -4*h + b*h + 189 = 4*j, 114 = 2*j + 4*h. Calculate the highest common factor of j and 68.
17
Let x be -43 - ((-2 - 4/2) + 5). Suppose 0*s + 5*s + 95 = 0. Let m = s - x. Calculate the highest common divisor of 10 and m.
5
Suppose 4*h = v + h + 17, 2*v = -3*h + 11. Let x be (-689 - (v - -1)) + (-11 - -10). Let a be 2/6 - x/39. Calculate the highest common divisor of a and 54.
18
Let g(b) be the third derivative of 0*b + 11*b**2 + 0 - 1/12*b**4 + 7/3*b**3. Let f be g(4). Calculate the highest common factor of 12 and f.
6
Let n = -209 - -222. Suppose -n*a + 8 = -z - 18*a, 5*a = -2*z - 1. Calculate the greatest common factor of z and 175.
7
Suppose 0 = -2*w + a + 5, 9*w - 4*w + 2*a = 35. Let n be 4/w*(22 + -7). Suppose -40*x + 15*x = 73*x - 10584. Calculate the highest common divisor of x and n.
12
Suppose 640*h - 678*h = -9614. Calculate the greatest common factor of 299 and h.
23
Let n(b) = 4*b**3 + b**2 - 2*b - 1. Let y be n(2). Let i = -77913 + 78316. What is the greatest common divisor of y and i?
31
Suppose -10*a + 13440 = -3*a + 49*a. Calculate the greatest common factor of a and 9.
3
Suppose -4*o - 252 = 25*o - 47*o. What is the greatest common divisor of o and 3626?
14
Let b be (-834)/(-24) + (-2)/(-8). Let m = b + -29. Let n(z) = 5*z - 27. Let k be n(m). Calculate the highest common factor of 2 and k.
1
Suppose -18281 = -54*t - 4673. Calculate the highest common divisor of 140 and t.
28
Let r = -47454 - -47508. Let z(p) = -p**3 - p**2 + p + 81. Let b be z(0). What is the greatest common divisor of r and b?
27
Suppose 324 = 7*q - 5*q. Let n(w) = -2*w**2 - 25*w - 6. Let d be n(-12). Calculate the highest common divisor of q and d.
6
Let y be ((-12540)/462)/(1/(-833)). Calculate the greatest common divisor of 35 and y.
35
Suppose 650*t = 638*t + 1908. What is the highest common factor of 1643 and t?
53
Let y be -20 - (4 - (-8 - -747)). Calculate the greatest common divisor of 1495 and y.
65
Suppose 0 = -39*g + 31*g - 568. Let y = g - -162. Calculate the highest common factor of 13 and y.
13
Let x = -230 - -130. Let t = -94 - x. Calculate the highest common factor of 66 and t.
6
Let y be (-370)/(-2) + (-30)/30. Let l = y - 120. Suppose 0 = 3*i - 2*o - l, 4*i - 2*o - 42 = 40. What is the highest common divisor of i and 2?
2
Suppose -15*x = 2101 - 12106 - 19575. Calculate the highest common factor of 232 and x.
116
Let j be (16/12)/(6/(-27)). Let u(z) = -2*z**3 - 12*z**2 - 4*z - 3. Let m be u(j). Suppose -23*f + 9*f = -2352. Calculate the greatest common factor of f and m.
21
Suppose 347 - 1257 = -13*z. Let y = z - 69. What is the greatest common divisor of 11 and y?
1
Let y be (10/(-8))/((-62)/(-496)) + 94. Calculate the highest common divisor of 1659 and y.
21
Let s(x) = 3100*x + 591. Let l be s(4). What is the highest common factor of l and 22?
11
Suppose 47 = 3*b - 4*w, 3*b + 10*w = 9*w + 52. Let p be (-2)/(32/(-14) - -2). Let s = p + b. What is the greatest common factor of s and 60?
12
Let j be 16/6*(3 - 0). Suppose -j*l + 3*l = -v - 164, -67 = -2*l - v. What is the greatest common factor of 11 and l?
11
Let p = -42928 + 60796. What is the highest common factor of 24 and p?
12
Let b(u) = 63*u**2 - 442*u**3 + u - 27*u**2 + 0*u - 33*u**2. Let q be b(-1). Calculate the greatest common divisor of 12 and q.
12
Let a(f) = 3*f**2 + 156*f - 628. Let z be a(4). Suppose 0 = -j + 12 - 1. Calculate the greatest common divisor of j and z.
11
Suppose 22968 = 91*x + 170*x. Calculate the highest common divisor of 24 and x.
8
Let c be (-2)/12*-28*(330/35 - 6). Calculate the greatest common divisor of 3184 and c.
16
Let j be (11 - 3) + -3 + 4. Let k = j + -4. Suppose -2*c - 249 = -3*c + k*z, -667 = -3*c - z. What is the greatest common factor of c and 28?
28
Let l(c) = -7*c**2 + 15*c - 40. Let i be l(4). Let o be 2 + 2/(-8)*2*i. Calculate the greatest common divisor of o and 528.
48
Suppose 2*g = 8*g - 102. Let o be (-4)/14 + g/(119/30). Let j = 10 - 6. What is the highest common divisor of o and j?
4
Let n(j) = -13*j - 239. Let f be n(-62). What is the greatest common divisor of 3645 and f?
81
Let g = 157 - 153. Suppose g*m - 49 = -13. Suppose 2*o + 29 = 4*a + 3*o, 2*a - 17 = -o. Calculate the highest common factor of m and a.
3
Suppose -317*y - 305*y - 640 = -630*y. Calculate the highest common factor of 904 and y.
8
Let q be 3/(4/(-10) - -1) - (-1800)/30. Calculate the highest common divisor of 2860 and q.
65
Suppose -3*f + 45 = q - 2*q, 5*f = 5*q + 95. Calculate the greatest common factor of 611 and f.
13
Let g = 2367 + -2357. Calculate the greatest common divisor of g and 1465.
5
Let b be 4/((-4)/16 + 5/4). Suppose -b*o = -30 - 26. Calculate the highest common factor of o and 182.
14
Let b be (87934/161)/2 + 28/(-322). Calculate the greatest common divisor of 1547 and b.
91
Let m be 7/14*(-50 - -7282). Calculate the highest common factor of 64 and m.
32
Let c(v) = v + 24. Let j be c(-10). Let u be 18/(-27)*((-12 - -7) + -646). Calculate the greatest common factor of u and j.
14
Let v(m) = 62*m**2 + 56*m + 826. Let q be v(-13). What is the highest common divisor of 16 and q?
16
Suppose -q + 2*q + 17 = 3*i, 4*q + 16 = -i. Suppose -y - i = -11. Calculate the highest common factor of y and 21.
7
Let t(q) = -17*q - 1. Let j be t(-3). Suppose -3*i = -v - 20, 2*v + i - 2*i + j = 0. Let k be (-4)/v - 412/(-26). What is the greatest common factor of k and 4?
4
Suppose 7*f - 7367 = -2*l, -28*l - 5*f - 18395 = -33*l. What is the highest common factor of 140 and l?
20
Let j = -8548 + 10312. Calculate the greatest common factor of 1260 and j.
252
Let s be 4/(-30) - (-212808)/360. Let u = -492 + s. Let q be (-1 + -1)*(-9)/2. Calculate the greatest common divisor of q and u.
9
Let p(s) = -3*s**3 + 2*s - 1. Let r be p(1). Let l be (-